?
2
What is the hundreds digit of 2030?
0
What is the hundreds digit of 5688?
6
What is the tens digit of 1100?
0
What is the thousands digit of 2941?
2
What is the units digit of 204?
4
What is the tens digit of 13472?
7
What is the ten thousands digit of 41696?
4
What is the hundreds digit of 325?
3
What is the hundreds digit of 21066?
0
What is the hundred thousands digit of 177682?
1
What is the tens digit of 8620?
2
What is the tens digit of 286?
8
What is the units digit of 725?
5
What is the hundreds digit of 3491?
4
What is the ten thousands digit of 53572?
5
What is the thousands digit of 3736?
3
What is the thousands digit of 53394?
3
What is the tens digit of 16875?
7
What is the thousands digit of 14987?
4
What is the hundreds digit of 2772?
7
What is the ten thousands digit of 76050?
7
What is the hundreds digit of 148537?
5
What is the thousands digit of 1759?
1
What is the tens digit of 14338?
3
What is the units digit of 4015?
5
What is the thousands digit of 8956?
8
What is the units digit of 1307?
7
What is the hundreds digit of 23804?
8
What is the thousands digit of 1188?
1
What is the thousands digit of 146433?
6
What is the units digit of 18574?
4
What is the units digit of 4857?
7
What is the thousands digit of 3789?
3
What is the units digit of 6436?
6
What is the tens digit of 3439?
3
What is the units digit of 49981?
1
What is the thousands digit of 3903?
3
What is the ten thousands digit of 36347?
3
What is the units digit of 247?
7
What is the hundreds digit of 1621?
6
What is the units digit of 65391?
1
What is the tens digit of 1630?
3
What is the thousands digit of 3342?
3
What is the ten thousands digit of 28408?
2
What is the hundreds digit of 59674?
6
What is the hundreds digit of 1643?
6
What is the hundreds digit of 8761?
7
What is the units digit of 3319?
9
What is the hundreds digit of 53492?
4
What is the tens digit of 1316?
1
What is the hundreds digit of 3804?
8
What is the tens digit of 12140?
4
What is the ten thousands digit of 134839?
3
What is the units digit of 76054?
4
What is the units digit of 1872?
2
What is the units digit of 1189?
9
What is the units digit of 9154?
4
What is the units digit of 3553?
3
What is the hundreds digit of 7303?
3
What is the units digit of 13190?
0
What is the units digit of 2031?
1
What is the hundreds digit of 2009?
0
What is the ten thousands digit of 13319?
1
What is the thousands digit of 127721?
7
What is the hundreds digit of 6006?
0
What is the tens digit of 8092?
9
What is the hundreds digit of 1084?
0
What is the thousands digit of 2659?
2
What is the tens digit of 422?
2
What is the units digit of 2389?
9
What is the tens digit of 10049?
4
What is the units digit of 43034?
4
What is the thousands digit of 16240?
6
What is the tens digit of 80?
8
What is the tens digit of 1356?
5
What is the hundreds digit of 381?
3
What is the thousands digit of 46495?
6
What is the units digit of 411?
1
What is the hundreds digit of 19647?
6
What is the thousands digit of 9640?
9
What is the ten thousands digit of 15707?
1
What is the thousands digit of 3962?
3
What is the thousands digit of 1621?
1
What is the units digit of 2456?
6
What is the tens digit of 2378?
7
What is the units digit of 1305?
5
What is the tens digit of 1975?
7
What is the tens digit of 16447?
4
What is the units digit of 2312?
2
What is the tens digit of 75110?
1
What is the thousands digit of 4894?
4
What is the hundreds digit of 1308?
3
What is the units digit of 1155?
5
What is the units digit of 3706?
6
What is the ten thousands digit of 57859?
5
What is the tens digit of 1311?
1
What is the thousands digit of 98482?
8
What is the thousands digit of 5893?
5
What is the hundreds digit of 72413?
4
What is the thousands digit of 3256?
3
What is the units digit of 8713?
3
What is the ten thousands digit of 17259?
1
What is the tens digit of 21?
2
What is the thousands digit of 32784?
2
What is the units digit of 13558?
8
What is the thousands digit of 4819?
4
What is the hundreds digit of 588?
5
What is the units digit of 3238?
8
What is the thousands digit of 4038?
4
What is the ten thousands digit of 11543?
1
What is the units digit of 400?
0
What is the thousands digit of 1260?
1
What is the units digit of 36149?
9
What is the hundreds digit of 743?
7
What is the units digit of 1563?
3
What is the hundreds digit of 159?
1
What is the units digit of 43?
3
What is the thousands digit of 96275?
6
What is the tens digit of 591?
9
What is the thousands digit of 26721?
6
What is the tens digit of 340?
4
What is the thousands digit of 16279?
6
What is the hundreds digit of 659?
6
What is the hundreds digit of 94075?
0
What is the units digit of 4607?
7
What is the units digit of 794?
4
What is the units digit of 44685?
5
What is the thousands digit of 1344?
1
What is the tens digit of 2134?
3
What is the tens digit of 569?
6
What is the ten thousands digit of 34959?
3
What is the thousands digit of 3591?
3
What is the units digit of 91171?
1
What is the thousands digit of 16894?
6
What is the hundreds digit of 5923?
9
What is the thousands digit of 66116?
6
What is the hundreds digit of 1515?
5
What is the hundreds digit of 54448?
4
What is the units digit of 123?
3
What is the units digit of 3456?
6
What is the thousands digit of 3793?
3
What is the hundreds digit of 28361?
3
What is the units digit of 15773?
3
What is the ten thousands digit of 40035?
4
What is the hundreds digit of 872?
8
What is the tens digit of 3811?
1
What is the units digit of 51330?
0
What is the tens digit of 69691?
9
What is the hundreds digit of 42254?
2
What is the thousands digit of 3213?
3
What is the tens digit of 46064?
6
What is the hundreds digit of 1039?
0
What is the units digit of 64196?
6
What is the hundreds digit of 2471?
4
What is the ten thousands digit of 59674?
5
What is the units digit of 69334?
4
What is the thousands digit of 7422?
7
What is the thousands digit of 2454?
2
What is the hundreds digit of 39373?
3
What is the units digit of 19729?
9
What is the hundreds digit of 91618?
6
What is the tens digit of 3659?
5
What is the hundreds digit of 172560?
5
What is the units digit of 327?
7
What is the tens digit of 530?
3
What is the tens digit of 65467?
6
What is the units digit of 7623?
3
What is the thousands digit of 1140?
1
What is the ten thousands digit of 31184?
3
What is the tens digit of 2239?
3
What is the thousands digit of 1084?
1
What is the tens digit of 1366?
6
What is the units digit of 960?
0
What is the thousands digit of 160035?
0
What is the hundreds digit of 320?
3
What is the tens digit of 1187?
8
What is the thousands digit of 1012?
1
What is the hundred thousands digit of 164870?
1
What is the tens digit of 149467?
6
What is the hundreds digit of 405?
4
What is the tens digit of 10228?
2
What is the hundreds digit of 10680?
6
What is the thousands digit of 114815?
4
What is the units digit of 25017?
7
What is the hundreds digit of 58568?
5
What is the thousands digit of 3057?
3
What is the ten thousands digit of 39534?
3
What is the hundreds digit of 819?
8
What is the tens digit of 492?
9
What is the hundred thousands digit of 102121?
1
What is the units digit of 330?
0
What is the thousands digit of 5977?
5
What is the tens digit of 7738?
3
What is the tens digit of 9895?
9
What is the hundreds digit of 2497?
4
What is the units digit of 1515?
5
What is the units digit of 2380?
0
What is the hundreds digit of 630?
6
What is the hundreds digit of 16951?
9
What is the thousands digit of 7125?
7
What is the hundreds digit of 457?
4
What is the ten thousands digit of 15291?
1
What is the hundreds digit of 2217?
2
What is the thousands digit of 1317?
1
What is the tens digit of 12916?
1
What is the tens digit of 3179?
7
What is the units digit of 5435?
5
What is the units digit of 6557?
7
What is the hundreds digit of 1019?
0
What is the hundreds digit of 17713?
7
What is the units digit of 1002?
2
What is the hundreds digit of 52126?
1
What is the ten thousands digit of 13631?
1
What is the units digit of 1902?
2
What is the thousands digit of 162516?
2
What is the tens digit of 320?
2
What is the hundreds digit of 48761?
7
What is the thousands digit of 1388?
1
What is the 